5. What are the prime factors of h(-14)?
5, 2767
Let b be ((-3)/4)/((-20)/320). Suppose b*y - 6685 = -1441. What are the prime factors of y?
19, 23
Let r = 19209 + -6735. Suppose 2919 = -15*w + r. List the prime factors of w.
7, 13
Suppose -87*m + 79*m = -77499 + 22907. What are the prime factors of m?
2, 853
Suppose 5*r - r = 1052. Suppose -4*i + 4*h - 1128 = h, 4*h = -i - r. What are the prime factors of i/2*(-20)/15?
2, 3, 31
Suppose 17*p - 7033 = 4*p. Suppose -p + 2446 = 5*j. List the prime factors of j.
3, 127
Suppose 11*y - 2 = 42. Let s(r) = 4*r**3 - r**2 - r + 13. List the prime factors of s(y).
3, 83
Let o(u) = 2*u**3 - 28*u**2 - 2*u + 7. Let x be o(17). Let r = x - 1007. What are the prime factors of r?
2, 5, 7
What are the prime factors of 1006 + (-32)/(-4) + -7?
19, 53
List the prime factors of (-2 + 1)/(-4) - 857850/(-56).
15319
Let l(n) = -2*n + 62. Let o be l(29). Let q = 161 - -133. Suppose q = 3*w - o*y, -3*w + y - 26 = -311. List the prime factors of w.
2, 47
Suppose -35*f + 434980 = 30*f. List the prime factors of f.
2, 7, 239
Suppose -1112 = 3*s - 2*v, 2*v = -2*s - 3*v - 754. Let z = -153 - s. Suppose -z = -6*j + 747. List the prime factors of j.
7, 23
Let n(r) = 3521*r + 221. List the prime factors of n(3).
2, 337
Let l(j) = 3*j**2 - 4*j + 9. Let p be l(3). Let y = -93 - -168. Let q = y - p. What are the prime factors of q?
3, 17
Suppose 0 = 27*v - 17*v - 11030. Suppose 9*o = 877 + v. What are the prime factors of o?
2, 5, 11
Suppose -q + 3*x = 4*x + 58, -3*x - 229 = 4*q. Let k = 58 + q. What are the prime factors of (k - (-17)/(-4))/(8/(-416))?
5, 13
Let u(f) = -79*f - 170. Let c = -323 - -316. What are the prime factors of u(c)?
383
Suppose 63*d + 22440 = 83*d. Suppose 735 = -3*v + d. List the prime factors of v.
3, 43
Let y(m) = 2*m**2 - 7*m + 22. Let v be y(9). Suppose -3*h - v = -34. Let d = h + 50. List the prime factors of d.
3, 7
Let g be (-1910*1/(-8))/((-7)/168). What are the prime factors of (g/21 - 4)/((-17)/119)?
2, 3, 17, 19
Let f = -13090 + 16664. List the prime factors of f.
2, 1787
Suppose -8*m + 3*u + 90 = -5*m, m - 42 = 5*u. Suppose 0 = 28*c - m*c - 518. List the prime factors of c.
2, 7, 37
Let p = 4037 + 3760. List the prime factors of p.
3, 23, 113
Suppose 3*t - 36 = 4*s, -3*t = -3*s - 0*s - 39. Let b(k) = 5*k**2 + 30*k - 48. What are the prime factors of b(t)?
2, 107
Let j(o) = o**3 - 21*o**2 + 2*o - 10. Let t(p) = p**2 + 1. Let f(l) = -j(l) - 4*t(l). List the prime factors of f(-5).
2, 283
Let x be 4/6*-6 - -9. Suppose x*p + 3*d = 305, 5*p - 305 = 7*d - 3*d. What are the prime factors of p?
61
Suppose 0 = 70*f - 69*f - 60. Suppose 783 = -f*o + 69*o. What are the prime factors of o?
3, 29
Let k(i) = -9*i**2 + 26*i + 3. Let h be k(16). Let x = -954 - h. What are the prime factors of x?
7, 19
Let g = -50 - -58. Let p = g - 11. What are the prime factors of 51/1 - (p - -2)?
2, 13
Let g be (7 - (3 + 5)) + 15. Suppose -g*f = -6161 - 7545. What are the prime factors of f?
11, 89
Suppose 62*n = 75*n - 26871. Let j = n - 1224. What are the prime factors of j?
3, 281
Let o(y) = 116*y**2 - 22*y - 313. What are the prime factors of o(-8)?
3, 7, 347
Let i(s) = 38*s - 12. Let t be i(5). Suppose h + 101 = 3*m + m, -t = 2*h - 2*m. Let r = -72 - h. List the prime factors of r.
13
Let u = -6145 + 7566. What are the prime factors of u?
7, 29
Suppose -38*j = -33*j - 11640. List the prime factors of j.
2, 3, 97
List the prime factors of (-6 - 22/11)*5420/(-2).
2, 5, 271
Suppose -5*a - 340 = -0*a. Let h = -66 - a. Let x = h + 141. What are the prime factors of x?
11, 13
Let o(k) = 16*k**2 - 3*k + 1. Let w be o(-4). Let x = -67 + w. Suppose 3*m - x = m. What are the prime factors of m?
101
Let a be (-8 + 6 - -5) + -14. Let t(y) = 3*y**2 - 2*y - 19. List the prime factors of t(a).
2, 3, 61
Let i(w) = 35*w**2 + 34*w + 927. What are the prime factors of i(-17)?
2, 3, 109
Let j(z) = -24*z**2 - 6*z + 1. Let u be j(5). Let n = 35 - u. List the prime factors of n.
2, 83
Let x(w) = -w**3 + 4*w**2 - 2*w + 1. Let m be x(3). Let s be -2 - (22 - (m - 0)). List the prime factors of (3*(-28)/9)/(s/30).
2, 7
Suppose 0 = 5*u - 30 - 30. Suppose 37 - u = 3*s + 5*q, 10 = 4*s + 2*q. Suppose 0 = -2*a - 2*w - 3*w + 227, s = 2*a + 2*w - 242. What are the prime factors of a?
2, 3, 7
Let c = -12427 + 25629. List the prime factors of c.
2, 7, 23, 41
Let s be 14/21 + 82/(-6). Let d = s - -40. What are the prime factors of 630/d*3/2?
5, 7
Let b be ((-14)/(-21))/((-146)/(-72) - 2). Suppose 0 = 32*g - b*g - 1352. What are the prime factors of g?
13
Let v = 26372 - 17147. List the prime factors of v.
3, 5, 41
Let y(q) = 118*q**3 - 64*q + 14*q**2 + 24*q**2 + 7 - 119*q**3 + 70. List the prime factors of y(36).
5, 73
Let u(s) = -3*s**2 + 29*s - 28. Let k be u(1). Let d(i) = 50*i**2 + 4*i - 1. List the prime factors of d(k).
191
Let y(a) = 4172*a**3 + 13*a**2 - 16*a + 3. List the prime factors of y(1).
2, 7, 149
Suppose -4039*s + 4024*s + 129555 = 0. What are the prime factors of s?
3, 2879
Let a = 1377 + 1208. List the prime factors of a.
5, 11, 47
Suppose 2*d + 4*c = 730, -d + 3*d - 3*c - 695 = 0. Suppose 2*u = 6*u + 20, a + u = d. What are the prime factors of a?
2, 3, 5
Suppose 5*u - 3*w = 368, 72 + 289 = 5*u + 4*w. Suppose u*m - 3960 = 67*m. What are the prime factors of m?
2, 3, 5, 11
Let m(z) = -z - 4. Let g be m(-6). Suppose 3*u = -4*s + 898, 0 = 3*u + g*s - 5*s - 912. What are the prime factors of u?
2, 151
Let a = -14577 - -21632. What are the prime factors of a?
5, 17, 83
Suppose 58*h + 80*h - 5896244 = 44*h. What are the prime factors of h?
2, 79, 397
Suppose 5*t + v = 21692, -202*t + 199*t + 13004 = -v. List the prime factors of t.
4337
Let d be (-140)/7 + 6/2. Let i(t) = -t**2 - 26*t - 57. List the prime factors of i(d).
2, 3
Let z(b) = -163*b - 1263. What are the prime factors of z(-35)?
2, 2221
Let f(c) = 91*c - 12. Let g be f(4). Suppose t + 4*o - g = -o, -2*t - 3*o + 711 = 0. Suppose x = -a + 65, a + 2*a = 5*x - t. What are the prime factors of x?
3, 23
Let p(w) = -23*w**3 + 8*w**2 + 11*w + 21. What are the prime factors of p(-5)?
3041
Suppose -67 = 5*l + i, 4*l + i = -0*i - 53. Suppose 3*z - 3*c = 795, -5*z + 5*c = 4*c - 1337. What are the prime factors of (-6)/42 - z/l?
19
Let o(m) = -65*m - 59. Let a be o(7). Let h = a - -847. List the prime factors of h.
3, 37
Suppose g - 68560 = -4*v, -6656*v + 205635 = 3*g - 6659*v. What are the prime factors of g?
2, 17137
Let a(y) = -y**3 + 11*y**2 + 16*y - 4. Let f be a(12). Let b = 42 - f. What are the prime factors of b/(-8) + 3096/32?
97
Suppose -10 = 17*o - 12*o. Let a(s) = -42*s + 2. Let n(f) = -2*f. Let p(k) = o*a(k) + 44*n(k). What are the prime factors of p(-2)?
2
Suppose -4*f + 13311 = -4*t - 13321, 33326 = 5*f + 4*t. List the prime factors of f.
2, 3331
Suppose -3*c + 4*z + 6 = -17, c = -2*z + 1. Suppose 3*a + 5*d = -8, -4*d + 2*d = c*a - 12. Suppose a*f - 227 = 177. What are the prime factors of f?
101
Let y(q) = -2*q**2 - 50*q - 171. Let s be y(-21). Let z(u) = -250*u + 32. List the prime factors of z(s).
2, 17, 23
Let z(c) = 35*c**2 - 25. Suppose -52 = 4*l - 76. What are the prime factors of z(l)?
5, 13, 19
Let r(x) = 7*x**2 + 6*x + 7. Let z(q) = 3*q - 19. Let c be z(10). Suppose c = -2*h + 1. List the prime factors of r(h).
2, 19
Let r(x) = -x**3 + 2*x**2 + 9*x + 5. Suppose 6*m - 2*m - 16 = 0. Let v(y) = y**2. Let j(u) = m*v(u) + r(u). What are the prime factors of j(7)?
19
Let l = -168 - -1337. Suppose -12*m + 1519 = -l. What are the prime factors of m?
2, 7
Let w(n) = n**2 + 11*n + 28. Let h be w(-6). List the prime factors of (-6 + 3 - -428) + h.
3, 47
Let b(k) = 167*k**3 + 9*k + 5. What are the prime factors of b(4)?
10729
Let p(r) be the first derivative of -3*r**4/4 + 2*r**3/3 + r**2 + r + 17. Let n be p(-1). List the prime factors of (522/20 - 3/5)*n.
2, 3, 17
Suppose -3*w + b = -1, -3*w + 6*w = -3*b + 21. Suppose -3*h = w*u + 22, 0 = 5*h + 5 + 5. What are the prime factors of (u/(-12))/((-4)/(-132))?
2, 11
Let g be -7 - (6 + -7 + -2). Let m(u) = 42*u**2 - 2*u - 41. List the prime factors of m(g).
3, 71
Let c(b) = 146*b**3 - b**2 + 4*b + 4. Let a be c(-2). List the prime factors of (a/(-20))/((-124)/(-30) + -4).
3, 7
Let q(f) = 40*f - 86. Let h(r) = 42*r - 87. Let v(t) =